. Suppose 3*f - 179 = -6*k + 2*k, 0 = -4*f + c. Calculate the highest common factor of 4 and k.
4
Let h = 244 - 100. Calculate the greatest common factor of 18 and h.
18
Suppose 3*g + 68 = 4*a, -2*a + 52 = 6*g - 3*g. What is the highest common divisor of a and 50?
10
Let p(t) = 6*t**2 + 4*t**2 - 9*t**2 - 12. Let x be p(-12). Calculate the highest common divisor of 12 and x.
12
Let o = 9 - -6. Suppose 0 = 4*t - 5 - o. What is the greatest common factor of 5 and t?
5
Let m = -7 - -7. Suppose m = 5*v - n + 165, 4*n - 14 = -0*v + v. Let g be v/(-8) + 6/(-24). What is the greatest common factor of g and 4?
4
Suppose -2*a + 34 = 2*g, 4*a + 0*g + 2*g = 62. What is the greatest common divisor of 21 and a?
7
Let r be (0 + -12)*(-2)/2. Suppose 0 = 2*q - 30 - 6. Calculate the highest common factor of r and q.
6
Let u = 14 + -6. Suppose 2 + 8 = 2*s, 5*q = -4*s + 20. Suppose -5*r + 20 = q, 184 = 3*t + 5*r - 52. Calculate the highest common divisor of u and t.
8
Let u(z) = -z**2 + 3*z - 4. Let w be u(-3). Let q = -12 - w. Let m = 19 - 4. Calculate the highest common divisor of q and m.
5
Let l(s) = 2*s**2 - 5*s - 11. Let z be l(11). Let i = -2 - -3. Let y be i/(-4) + (-195)/(-12). Calculate the highest common divisor of y and z.
16
Let h = 431 + -235. Let j = 23 - 13. Let q = j + 18. Calculate the highest common divisor of q and h.
28
Suppose h - 5*h = -12. Suppose -3*j - 9 - h = 0. Let c be (-2 + (-10)/j)*24. What is the greatest common divisor of 4 and c?
4
Let x = -209 - -305. Suppose w - 4 = 5*r, -5*w - r + 132 = 2*r. What is the highest common divisor of x and w?
24
Suppose -4*q + 2*q = 2, -5*b + 65 = -5*q. Let m = 112 - -20. What is the greatest common factor of m and b?
12
Suppose 3*u - 4*u = 0. Let j(h) = -h**3 + 7*h**2 - h + 8. Let r be j(7). Let f be r + (u - 13)*-1. Calculate the highest common factor of f and 112.
14
Let o(k) = 8*k + 7. Let q be o(6). Suppose 2*x + 2*x - 92 = 0. Let g = 28 - x. What is the highest common divisor of g and q?
5
Suppose 3*b - 3 = 6*b. Let a be b + (-1 - -9) - -3. Calculate the greatest common factor of 70 and a.
10
Let q = -17 - -52. Suppose 0 = -5*a - 3*x - q, -5*x + 14 = -4*a + 2*a. Let c = 11 + a. What is the greatest common divisor of c and 24?
4
Suppose -n = 4*l - 7 + 2, 0 = -3*n - 2*l + 5. Calculate the greatest common divisor of n and 1.
1
Let m be 10/4*(13 - 7). What is the highest common divisor of 120 and m?
15
Let s(h) = -h**2 - 18*h + 7. Let j be s(-15). Calculate the highest common factor of 260 and j.
52
Suppose 5*z - u = 215, 0 = z - 3*u - 93 + 36. Calculate the greatest common divisor of z and 462.
42
Let w(i) = i**2 + 2*i + 1. Let d be w(-10). Let c(p) = 6*p**2 - p + 1. Let z be c(-2). What is the highest common divisor of d and z?
27
Let u be -4*(18/8 - 1). Let m = 7 + u. Calculate the highest common divisor of 2 and m.
2
Let z be (-3 - 1)*(-6)/8. Let f be (-4 - (z + 10))*-1. What is the highest common factor of f and 119?
17
Suppose -6 - 6 = -y + 4*o, 4*y + 2*o = 84. Let j be (-2)/(-4) + (-59)/(-2). What is the greatest common factor of y and j?
10
Suppose 4*a - 3*i = 159, -4*i - 1 = 19. Let w(o) = 3*o**2 + 5*o - 4. Suppose -m + 12 = -4*m. Let p be w(m). Calculate the highest common factor of a and p.
12
Suppose -s + 121 + 40 = 0. Let z be (-1 + s)*4/10. Calculate the greatest common divisor of z and 16.
16
Let t(u) = -29*u + 4. Let f be t(-2). Let l = f - 7. What is the highest common divisor of l and 11?
11
Let j be 32/5 + 8/(-20). Let o be j + (0 - (0 + 1)). Calculate the greatest common factor of 2 and o.
1
Let g = 45 - 9. Let k(z) be the second derivative of z**4/12 - 2*z**2 - z. Let s be k(4). What is the greatest common factor of s and g?
12
Suppose -l = -4*l. Let a(j) = j + 11. Let b be a(l). Let p = -7 - -51. Calculate the greatest common factor of p and b.
11
Suppose 5*l = -l + 1122. Suppose 0 = 19*t - 18*t - l. What is the highest common divisor of t and 17?
17
Let r(b) = 2*b**2 - 2*b - 9. Let k be (-58)/(-8) - 3/12. Let m be r(k). What is the greatest common divisor of m and 30?
15
Let s(c) = 16*c**2 + 2*c - 3. Let o be s(2). Calculate the greatest common factor of 26 and o.
13
Let k(z) = z**2 + 4. Let f be k(-2). What is the greatest common factor of 1 and f?
1
Let d be (-9)/((-117)/(-42) + -3). What is the highest common factor of d and 28?
14
Let g be (1 - -14)/((-6)/(-8)). Suppose 0*k = -2*k + g. Let l = 29 - k. Calculate the highest common factor of 19 and l.
19
Let a(x) = -13*x + 15. Let t be a(-5). What is the highest common divisor of t and 60?
20
Let h = 201 + -183. Calculate the highest common factor of 54 and h.
18
Suppose 2*b - 26 = -2*s, -5*s - b + 74 = b. What is the greatest common divisor of s and 32?
16
Suppose k + y = 2, -4*y + 0*y = 12. Let h(v) = 5 - v + 2*v + 0*v**2 + v**2. Let j be h(-5). What is the highest common divisor of k and j?
5
Let j be -4 + (-4)/(-1) + -2. Let w = 0 + j. Let h be (-2)/(w/(-1)) - -27. Calculate the greatest common factor of h and 65.
13
Let b be ((-429)/3 + -3)/2. Let k = -128 - -19. Let u = b - k. What is the greatest common factor of u and 18?
18
Suppose 2*f - 2 = -0*f. Let c be 5*f/1 - 0. Suppose -5*g = -3*a + 61, 3*a - c*a + 3*g + 40 = 0. Calculate the greatest common factor of a and 85.
17
Let m = -5 + 10. Let y = 9 - m. Suppose 2*q = -3*z + 6*q - 4, -28 = -4*z - 3*q. What is the greatest common divisor of y and z?
4
Suppose -20 = b - 4*w, -2*w - 15 = -5*b - 5*w. Suppose 0 = 2*k - b*k - 140. Suppose 8*a + 40 = 12*a. What is the greatest common factor of a and k?
10
Suppose 444 = 3*g - 1806. Let c be g/18 + (-1)/(-3). Calculate the highest common factor of c and 14.
14
Let t(r) = r**2 - 2*r - 1. Let o be t(-3). What is the highest common divisor of o and 14?
14
Let f(w) be the first derivative of w**3/3 + 16*w - 4. Let v be f(0). What is the greatest common divisor of v and 24?
8
Suppose 10 = 4*p - 14. What is the highest common divisor of 66 and p?
6
Let s(f) = 3*f - 30. Let t be s(13). Calculate the greatest common factor of 63 and t.
9
Suppose -2*k = k - 21. Let i = -68 + 23. Let c be (-27)/i - 484/(-10). Calculate the greatest common divisor of k and c.
7
Let d be 142/8 + (-75)/(-60). Calculate the highest common divisor of 171 and d.
19
Let y = -178 + 268. What is the greatest common factor of y and 18?
18
Suppose -22 = -m - 0*m. What is the greatest common factor of m and 22?
22
Let j be (-4 - (-16 - -1))/1. Calculate the greatest common divisor of j and 55.
11
Let p be (-1776)/10 - 2/5. Let o = -79 - p. Suppose -19 = -0*w - 2*w - y, -3*w + 3*y + 42 = 0. What is the greatest common factor of o and w?
11
Let o(l) = l + 3. Let r be o(-3). Suppose r = -j + 10 + 8. Calculate the highest common divisor of 9 and j.
9
Let v be 1/((-3)/9) - -185. Calculate the greatest common divisor of 26 and v.
26
Let v(a) = -a**3 + 13*a**2 - 4*a - 14. Let z be v(12). Suppose 4*y + 0*t = 2*t + z, 3*t - 29 = -2*y. Calculate the highest common factor of 209 and y.
19
Let g(f) = -f**3 + 12*f**2 - f + 13. Let x be g(12). What is the greatest common divisor of x and 8?
1
Let q be 120/(-35)*35/(-2). Calculate the highest common factor of 5 and q.
5
Suppose -2*d + 96 = 2*d. What is the greatest common factor of 48 and d?
24
Let v be (-1 - (-1 + -2))/(-2). Let o be v + 2 + 2*31. What is the highest common divisor of o and 7?
7
Let w(b) = b**3 + 7*b**2 + 4*b. Let y = 7 - 12. Let r be w(y). Suppose -4*a = 2*u + 4 - 60, 5*u = 3*a + 88. Calculate the greatest common factor of r and u.
10
Suppose -3*l - h + 36 = 0, 5*l + 8*h - 3*h - 60 = 0. Let y be (l/(-10))/(30/(-100)). What is the highest common divisor of 8 and y?
4
Let q(w) = -2*w**2 + 8*w + 7. Let c be q(8). Let m = 189 + c. Let j be (-1)/(-2)*(5 - -19). What is the highest common divisor of m and j?
12
Suppose 0 = 3*i - 5 - 37. What is the highest common divisor of 42 and i?
14
Suppose 2*g = g + 45. Suppose 5*x = 3 + 22. Suppose j + 20 = x*j. What is the highest common divisor of j and g?
5
Let g be (-30 - -1)*-6 + 2. Let j(s) = s**3 - s**2 - s + 16. Let y be j(0). Calculate the highest common factor of g and y.
16
Suppose -3*u + 14 + 10 = 0. Calculate the greatest common factor of 20 and u.
4
Suppose 7*a + 3 = 4*a. Let s be -161*(-1)/1 - a. Calculate the highest common factor of 18 and s.
18
Let q = 